{"id":2,"date":"2017-10-25T10:25:04","date_gmt":"2017-10-25T08:25:04","guid":{"rendered":"http:\/\/blogg.regionkronoberg.se\/trakutbildning\/?page_id=2"},"modified":"2022-04-12T10:21:22","modified_gmt":"2022-04-12T08:21:22","slug":"hem","status":"publish","type":"page","link":"https:\/\/blogg.regionkronoberg.se\/trakutbildning\/","title":{"rendered":"Hem\/Start"},"content":{"rendered":"<div id=\"pl-2\"  class=\"panel-layout\" ><div id=\"pg-2-0\"  class=\"panel-grid panel-no-style\" ><div id=\"pgc-2-0-0\"  class=\"panel-grid-cell panel-grid-cell-empty\" ><\/div><\/div><div id=\"pg-2-1\"  class=\"panel-grid panel-no-style\" ><div id=\"pgc-2-1-0\"  class=\"panel-grid-cell\" ><div id=\"panel-2-1-0-0\" class=\"so-panel widget widget_sow-image panel-first-child panel-last-child\" data-index=\"0\" ><div\n\t\t\t\n\t\t\tclass=\"so-widget-sow-image so-widget-sow-image-default-dbf295114b96-2\"\n\t\t\t\n\t\t>\n<div class=\"sow-image-container\">\n\t\t<img \n\tsrc=\"https:\/\/blogg.regionkronoberg.se\/trakutbildning\/wp-content\/uploads\/sites\/13\/2019\/04\/RegionKronoberg2.png\" width=\"1052\" height=\"1393\" srcset=\"https:\/\/blogg.regionkronoberg.se\/trakutbildning\/wp-content\/uploads\/sites\/13\/2019\/04\/RegionKronoberg2.png 1052w, https:\/\/blogg.regionkronoberg.se\/trakutbildning\/wp-content\/uploads\/sites\/13\/2019\/04\/RegionKronoberg2-227x300.png 227w, https:\/\/blogg.regionkronoberg.se\/trakutbildning\/wp-content\/uploads\/sites\/13\/2019\/04\/RegionKronoberg2-768x1017.png 768w, https:\/\/blogg.regionkronoberg.se\/trakutbildning\/wp-content\/uploads\/sites\/13\/2019\/04\/RegionKronoberg2-773x1024.png 773w, https:\/\/blogg.regionkronoberg.se\/trakutbildning\/wp-content\/uploads\/sites\/13\/2019\/04\/RegionKronoberg2-113x150.png 113w\" sizes=\"(max-width: 1052px) 100vw, 1052px\" title=\"Trakeostomi\" alt=\"\" \t\tclass=\"so-widget-image\"\/>\n\t<\/div>\n\n<\/div><\/div><\/div><div id=\"pgc-2-1-1\"  class=\"panel-grid-cell\" ><div id=\"panel-2-1-1-0\" class=\"so-panel widget widget_sow-editor panel-first-child panel-last-child\" data-index=\"1\" ><div\n\t\t\t\n\t\t\tclass=\"so-widget-sow-editor so-widget-sow-editor-base\"\n\t\t\t\n\t\t>\n<div class=\"siteorigin-widget-tinymce textwidget\">\n\t<h2>V\u00e4lkommen!<\/h2>\n<p>H\u00e4r presenteras grundl\u00e4ggande sk\u00f6tsel av patienter med trakeostomi i Region Kronoberg. Informationen ber\u00f6r vuxna patienter med egenandning och normal hostkraft.<\/p>\n<p>Informationen \u00e4r fr\u00e4mst riktad till h\u00e4lso- och sjukv\u00e5rdspersonal som kommer att v\u00e5rda patienter med trakeostomi p\u00e5 v\u00e5rdavdelning eller i hemsjukv\u00e5rden.<\/p>\n<p>Informationen syftar till att \u00f6ka kunskapen runt patienter med trakeostomi s\u00e5 att omv\u00e5rdnaden sker p\u00e5 ett trygg och s\u00e4ker s\u00e4tt och risken f\u00f6r komplikationer minimeras.<\/p>\n<p>Det ska alltid g\u00f6ras en individuell bed\u00f6mning i samr\u00e5d med patientens ansvarige l\u00e4kare som avg\u00f6r patientens aktuella behov.<\/p>\n<p>&nbsp;<\/p>\n<\/div>\n<\/div><\/div><\/div><\/div><\/div>","protected":false},"excerpt":{"rendered":"<p>V\u00e4lkommen! H\u00e4r presenteras grundl\u00e4ggande sk\u00f6tsel av patienter med trakeostomi i Region Kronoberg. Informationen ber\u00f6r vuxna patienter med egenandning och normal hostkraft. Informationen \u00e4r fr\u00e4mst riktad till h\u00e4lso- och sjukv\u00e5rdspersonal som kommer att v\u00e5rda patienter med trakeostomi p\u00e5 v\u00e5rdavdelning eller i hemsjukv\u00e5rden. Informationen syftar till att \u00f6ka kunskapen runt patienter med\u2026<\/p>\n<p> <a class=\"continue-reading-link\" href=\"https:\/\/blogg.regionkronoberg.se\/trakutbildning\/\"><span>Continue reading<\/span><i class=\"crycon-right-dir\"><\/i><\/a> <\/p>\n","protected":false},"author":45,"featured_media":0,"parent":0,"menu_order":0,"comment_status":"closed","ping_status":"open","template":"templates\/template-onecolumn.php","meta":{"footnotes":""},"class_list":["post-2","page","type-page","status-publish","hentry"],"_links":{"self":[{"href":"https:\/\/blogg.regionkronoberg.se\/trakutbildning\/wp-json\/wp\/v2\/pages\/2","targetHints":{"allow":["GET"]}}],"collection":[{"href":"https:\/\/blogg.regionkronoberg.se\/trakutbildning\/wp-json\/wp\/v2\/pages"}],"about":[{"href":"https:\/\/blogg.regionkronoberg.se\/trakutbildning\/wp-json\/wp\/v2\/types\/page"}],"author":[{"embeddable":true,"href":"https:\/\/blogg.regionkronoberg.se\/trakutbildning\/wp-json\/wp\/v2\/users\/45"}],"replies":[{"embeddable":true,"href":"https:\/\/blogg.regionkronoberg.se\/trakutbildning\/wp-json\/wp\/v2\/comments?post=2"}],"version-history":[{"count":142,"href":"https:\/\/blogg.regionkronoberg.se\/trakutbildning\/wp-json\/wp\/v2\/pages\/2\/revisions"}],"predecessor-version":[{"id":1753,"href":"https:\/\/blogg.regionkronoberg.se\/trakutbildning\/wp-json\/wp\/v2\/pages\/2\/revisions\/1753"}],"wp:attachment":[{"href":"https:\/\/blogg.regionkronoberg.se\/trakutbildning\/wp-json\/wp\/v2\/media?parent=2"}],"curies":[{"name":"wp","href":"https:\/\/api.w.org\/{rel}","templated":true}]}}