{"id":197,"date":"2017-12-07T16:03:50","date_gmt":"2017-12-07T15:03:50","guid":{"rendered":"http:\/\/blogg.regionkronoberg.se\/trakutbildning\/?page_id=197"},"modified":"2019-02-18T13:00:03","modified_gmt":"2019-02-18T12:00:03","slug":"overvakning-dokumentation","status":"publish","type":"page","link":"https:\/\/blogg.regionkronoberg.se\/trakutbildning\/overvakning-dokumentation\/","title":{"rendered":"\u00d6vervakning\/ Dokumentation"},"content":{"rendered":"<div id=\"pl-197\"  class=\"panel-layout\" ><div id=\"pg-197-0\"  class=\"panel-grid panel-no-style\" ><div id=\"pgc-197-0-0\"  class=\"panel-grid-cell\" ><div id=\"panel-197-0-0-0\" class=\"so-panel widget widget_sow-image panel-first-child panel-last-child\" data-index=\"0\" ><div\n\t\t\t\n\t\t\tclass=\"so-widget-sow-image so-widget-sow-image-default-8b5b6f678277-197\"\n\t\t\t\n\t\t>\n<div class=\"sow-image-container\">\n\t\t<img \n\tsrc=\"https:\/\/blogg.regionkronoberg.se\/trakutbildning\/wp-content\/uploads\/sites\/13\/2019\/02\/1060171.png\" width=\"640\" height=\"373\" srcset=\"https:\/\/blogg.regionkronoberg.se\/trakutbildning\/wp-content\/uploads\/sites\/13\/2019\/02\/1060171.png 640w, https:\/\/blogg.regionkronoberg.se\/trakutbildning\/wp-content\/uploads\/sites\/13\/2019\/02\/1060171-300x175.png 300w, https:\/\/blogg.regionkronoberg.se\/trakutbildning\/wp-content\/uploads\/sites\/13\/2019\/02\/1060171-150x87.png 150w\" sizes=\"(max-width: 640px) 100vw, 640px\" title=\"_1060171\" alt=\"\" \t\tclass=\"so-widget-image\"\/>\n\t<\/div>\n\n<\/div><\/div><\/div><div id=\"pgc-197-0-1\"  class=\"panel-grid-cell\" ><div id=\"panel-197-0-1-0\" class=\"so-panel widget widget_sow-editor panel-first-child panel-last-child\" data-index=\"1\" ><div\n\t\t\t\n\t\t\tclass=\"so-widget-sow-editor so-widget-sow-editor-base\"\n\t\t\t\n\t\t>\n<div class=\"siteorigin-widget-tinymce textwidget\">\n\t<p>Patientens allm\u00e4ntillst\u00e5nd och f\u00f6rm\u00e5ga till att kunna kalla p\u00e5 hj\u00e4lp avg\u00f6r behovet av \u00f6vervakning och bemanning. Det \u00e4r alltid n\u00f6dv\u00e4ndigt att g\u00f6ra en individuell bed\u00f6mning. Ansvarig l\u00e4kare ordinerar behov av bemanning p\u00e5 v\u00e5rdavdelning och inf\u00f6r hemg\u00e5ng. Ordinationen m\u00e5ste alltid f\u00f6ljas!<\/p>\n<p><strong>Patient med ordinerad tillsyn dygnet runt f\u00e5r aldrig l\u00e4mnas ensam utan trakeostomi-kunnig personal, inte ens korta stunder.<\/strong><\/p>\n<p>Om l\u00e4kare anser att patienten kan l\u00e4mnas ensam m\u00e5ste det finnas ett s\u00e4kert och snabbt s\u00e4tt f\u00f6r patienten att kalla p\u00e5 hj\u00e4lp.<\/p>\n<p>Alla m\u00e4nniskor beh\u00f6ver ibland lugn och ro, ost\u00f6rd natts\u00f6mn och lite privat avskildhet. Det \u00e4r viktigt att t\u00e4nka p\u00e5 detta men det f\u00e5r aldrig leda till att livsviktig \u00f6vervakning uteblir. Ordination av tillsyn m\u00e5ste f\u00f6ljas!<\/p>\n<\/div>\n<\/div><\/div><\/div><\/div><div id=\"pg-197-1\"  class=\"panel-grid panel-no-style\" ><div id=\"pgc-197-1-0\"  class=\"panel-grid-cell\" ><div id=\"panel-197-1-0-0\" class=\"so-panel widget widget_sow-image panel-first-child panel-last-child\" data-index=\"2\" ><div\n\t\t\t\n\t\t\tclass=\"so-widget-sow-image so-widget-sow-image-default-8b5b6f678277-197\"\n\t\t\t\n\t\t>\n<div class=\"sow-image-container\">\n\t\t<img \n\tsrc=\"https:\/\/blogg.regionkronoberg.se\/trakutbildning\/wp-content\/uploads\/sites\/13\/2019\/02\/1050929b.png\" width=\"559\" height=\"480\" srcset=\"https:\/\/blogg.regionkronoberg.se\/trakutbildning\/wp-content\/uploads\/sites\/13\/2019\/02\/1050929b.png 559w, https:\/\/blogg.regionkronoberg.se\/trakutbildning\/wp-content\/uploads\/sites\/13\/2019\/02\/1050929b-300x258.png 300w, https:\/\/blogg.regionkronoberg.se\/trakutbildning\/wp-content\/uploads\/sites\/13\/2019\/02\/1050929b-150x129.png 150w\" sizes=\"(max-width: 559px) 100vw, 559px\" title=\"_1050929b\" alt=\"\" \t\tclass=\"so-widget-image\"\/>\n\t<\/div>\n\n<\/div><\/div><\/div><div id=\"pgc-197-1-1\"  class=\"panel-grid-cell\" ><div id=\"panel-197-1-1-0\" class=\"so-panel widget widget_sow-editor panel-first-child\" data-index=\"3\" ><div\n\t\t\t\n\t\t\tclass=\"so-widget-sow-editor so-widget-sow-editor-base\"\n\t\t\t\n\t\t>\n<div class=\"siteorigin-widget-tinymce textwidget\">\n\t<p><strong>Egenv\u00e5rd<\/strong><br \/>M\u00e5nga patienter kan sj\u00e4lva medverka i v\u00e5rden och l\u00e4ra sig sk\u00f6ta sin trakeostomi. M\u00e5let b\u00f6r alltid vara att f\u00f6rs\u00f6ka f\u00e5 patienten s\u00e5 delaktig och sj\u00e4lvst\u00e4ndig som det g\u00e5r. Anv\u00e4nd spegel vid omv\u00e5rdnad och l\u00e5t patienten \u00f6va p\u00e5 att hantera sin trakeostomi om det \u00e4r m\u00f6jligt. Kan inte patienten l\u00e4ras upp i de olika momenten beh\u00f6ver anh\u00f6riga eller personal l\u00e4ras upp. <\/p>\n<\/div>\n<\/div><\/div><div id=\"panel-197-1-1-1\" class=\"so-panel widget widget_sow-editor panel-last-child\" data-index=\"4\" ><div\n\t\t\t\n\t\t\tclass=\"so-widget-sow-editor so-widget-sow-editor-base\"\n\t\t\t\n\t\t>\n<div class=\"siteorigin-widget-tinymce textwidget\">\n\t<p><strong>Dokumentation<\/strong><br \/>\nF\u00f6r att s\u00e4kerst\u00e4lla att rutiner f\u00f6ljs finns signeringslistor som ska anv\u00e4ndas. Dessa \u00e4r \u00e4ven bra som st\u00f6d f\u00f6r att veta vad som ska g\u00f6ras och n\u00e4r.<\/p>\n<p>Trak-sjuksk\u00f6terskorna ser till att alla patienter i hemsjukv\u00e5rden har individuella utbildningsprogram med handlingsplan, personalen \u00e4r skyldiga att l\u00e4sa p\u00e5 och f\u00f6lja det som st\u00e5r i dem. Trakteamet Kronoberg har tagit fram en generell handlingsplan f\u00f6r akut hinder i andningsv\u00e4garna, signeringslistor och checklistor som ska f\u00f6ljas f\u00f6r alla patienter med trakeostomi som v\u00e5rdas inneliggande p\u00e5 sjukhus och \u00e4nnu inte f\u00e5tt en individuell handlingsplan.<\/p>\n<p>Rutin beh\u00f6ver finnas s\u00e5 att f\u00f6rbrukningsmaterial inte tar slut. Det m\u00e5ste alltid finnas f\u00f6rbrukningsmaterial med god marginal hos patienten. Rutiner ska finnas f\u00f6r att maskiner fungerar, reng\u00f6rs och \u00e4r laddade.<\/p>\n<\/div>\n<\/div><\/div><\/div><\/div><\/div>","protected":false},"excerpt":{"rendered":"<p>Patientens allm\u00e4ntillst\u00e5nd och f\u00f6rm\u00e5ga till att kunna kalla p\u00e5 hj\u00e4lp avg\u00f6r behovet av \u00f6vervakning och bemanning. Det \u00e4r alltid n\u00f6dv\u00e4ndigt att g\u00f6ra en individuell bed\u00f6mning. Ansvarig l\u00e4kare ordinerar behov av bemanning p\u00e5 v\u00e5rdavdelning och inf\u00f6r hemg\u00e5ng. Ordinationen m\u00e5ste alltid f\u00f6ljas! Patient med ordinerad tillsyn dygnet runt f\u00e5r aldrig l\u00e4mnas ensam\u2026<\/p>\n<p> <a class=\"continue-reading-link\" href=\"https:\/\/blogg.regionkronoberg.se\/trakutbildning\/overvakning-dokumentation\/\"><span>Continue reading<\/span><i class=\"crycon-right-dir\"><\/i><\/a> <\/p>\n","protected":false},"author":45,"featured_media":0,"parent":0,"menu_order":0,"comment_status":"closed","ping_status":"closed","template":"","meta":{"footnotes":""},"class_list":["post-197","page","type-page","status-publish","hentry"],"_links":{"self":[{"href":"https:\/\/blogg.regionkronoberg.se\/trakutbildning\/wp-json\/wp\/v2\/pages\/197","targetHints":{"allow":["GET"]}}],"collection":[{"href":"https:\/\/blogg.regionkronoberg.se\/trakutbildning\/wp-json\/wp\/v2\/pages"}],"about":[{"href":"https:\/\/blogg.regionkronoberg.se\/trakutbildning\/wp-json\/wp\/v2\/types\/page"}],"author":[{"embeddable":true,"href":"https:\/\/blogg.regionkronoberg.se\/trakutbildning\/wp-json\/wp\/v2\/users\/45"}],"replies":[{"embeddable":true,"href":"https:\/\/blogg.regionkronoberg.se\/trakutbildning\/wp-json\/wp\/v2\/comments?post=197"}],"version-history":[{"count":22,"href":"https:\/\/blogg.regionkronoberg.se\/trakutbildning\/wp-json\/wp\/v2\/pages\/197\/revisions"}],"predecessor-version":[{"id":1504,"href":"https:\/\/blogg.regionkronoberg.se\/trakutbildning\/wp-json\/wp\/v2\/pages\/197\/revisions\/1504"}],"wp:attachment":[{"href":"https:\/\/blogg.regionkronoberg.se\/trakutbildning\/wp-json\/wp\/v2\/media?parent=197"}],"curies":[{"name":"wp","href":"https:\/\/api.w.org\/{rel}","templated":true}]}}