{"id":1722,"date":"2022-04-12T09:50:02","date_gmt":"2022-04-12T07:50:02","guid":{"rendered":"http:\/\/blogg.regionkronoberg.se\/trakutbildning\/?page_id=1722"},"modified":"2022-04-12T11:15:45","modified_gmt":"2022-04-12T09:15:45","slug":"medicinteknisk-utrustning","status":"publish","type":"page","link":"https:\/\/blogg.regionkronoberg.se\/trakutbildning\/medicinteknisk-utrustning\/","title":{"rendered":"Underh\u00e5ll av utrustning"},"content":{"rendered":"<div id=\"pl-1722\"  class=\"panel-layout\" ><div id=\"pg-1722-0\"  class=\"panel-grid panel-no-style\" ><div id=\"pgc-1722-0-0\"  class=\"panel-grid-cell\" ><div id=\"panel-1722-0-0-0\" class=\"so-panel widget widget_sow-image panel-first-child panel-last-child\" data-index=\"0\" ><div\n\t\t\t\n\t\t\tclass=\"so-widget-sow-image so-widget-sow-image-default-8b5b6f678277-1722\"\n\t\t\t\n\t\t>\n<div class=\"sow-image-container\">\n\t\t<img \n\tsrc=\"https:\/\/blogg.regionkronoberg.se\/trakutbildning\/wp-content\/uploads\/sites\/13\/2019\/02\/1060018.png\" width=\"640\" height=\"360\" srcset=\"https:\/\/blogg.regionkronoberg.se\/trakutbildning\/wp-content\/uploads\/sites\/13\/2019\/02\/1060018.png 640w, https:\/\/blogg.regionkronoberg.se\/trakutbildning\/wp-content\/uploads\/sites\/13\/2019\/02\/1060018-300x169.png 300w, https:\/\/blogg.regionkronoberg.se\/trakutbildning\/wp-content\/uploads\/sites\/13\/2019\/02\/1060018-150x84.png 150w\" sizes=\"(max-width: 640px) 100vw, 640px\" title=\"Medicinteknisk utrustning, sugar\" alt=\"Medicinteknisk utrustning, sugar\" \t\tclass=\"so-widget-image\"\/>\n\t<\/div>\n\n<\/div><\/div><\/div><div id=\"pgc-1722-0-1\"  class=\"panel-grid-cell\" ><div id=\"panel-1722-0-1-0\" class=\"so-panel widget widget_sow-editor panel-first-child panel-last-child\" data-index=\"1\" ><div\n\t\t\t\n\t\t\tclass=\"so-widget-sow-editor so-widget-sow-editor-base\"\n\t\t\t\n\t\t>\n<div class=\"siteorigin-widget-tinymce textwidget\">\n\t<p>All utrustning m\u00e5ste kontrolleras, underh\u00e5llas och sk\u00f6tas om.<\/p>\n<p>V\u00e4lj den utrustning du vill veta mer om s\u00e5 f\u00e5r du i text och bild reda p\u00e5 vad du ska g\u00f6ra f\u00f6r att det ska fungera hygieniskt och tekniskt.<\/p>\n<\/div>\n<\/div><\/div><\/div><\/div><\/div>","protected":false},"excerpt":{"rendered":"<p>All utrustning m\u00e5ste kontrolleras, underh\u00e5llas och sk\u00f6tas om. V\u00e4lj den utrustning du vill veta mer om s\u00e5 f\u00e5r du i text och bild reda p\u00e5 vad du ska g\u00f6ra f\u00f6r att det ska fungera hygieniskt och tekniskt.<\/p>\n<p> <a class=\"continue-reading-link\" href=\"https:\/\/blogg.regionkronoberg.se\/trakutbildning\/medicinteknisk-utrustning\/\"><span>Continue reading<\/span><i class=\"crycon-right-dir\"><\/i><\/a> <\/p>\n","protected":false},"author":45,"featured_media":0,"parent":0,"menu_order":0,"comment_status":"closed","ping_status":"closed","template":"","meta":{"footnotes":""},"class_list":["post-1722","page","type-page","status-publish","hentry"],"_links":{"self":[{"href":"https:\/\/blogg.regionkronoberg.se\/trakutbildning\/wp-json\/wp\/v2\/pages\/1722","targetHints":{"allow":["GET"]}}],"collection":[{"href":"https:\/\/blogg.regionkronoberg.se\/trakutbildning\/wp-json\/wp\/v2\/pages"}],"about":[{"href":"https:\/\/blogg.regionkronoberg.se\/trakutbildning\/wp-json\/wp\/v2\/types\/page"}],"author":[{"embeddable":true,"href":"https:\/\/blogg.regionkronoberg.se\/trakutbildning\/wp-json\/wp\/v2\/users\/45"}],"replies":[{"embeddable":true,"href":"https:\/\/blogg.regionkronoberg.se\/trakutbildning\/wp-json\/wp\/v2\/comments?post=1722"}],"version-history":[{"count":5,"href":"https:\/\/blogg.regionkronoberg.se\/trakutbildning\/wp-json\/wp\/v2\/pages\/1722\/revisions"}],"predecessor-version":[{"id":1758,"href":"https:\/\/blogg.regionkronoberg.se\/trakutbildning\/wp-json\/wp\/v2\/pages\/1722\/revisions\/1758"}],"wp:attachment":[{"href":"https:\/\/blogg.regionkronoberg.se\/trakutbildning\/wp-json\/wp\/v2\/media?parent=1722"}],"curies":[{"name":"wp","href":"https:\/\/api.w.org\/{rel}","templated":true}]}}