{"id":1106,"date":"2018-09-26T12:50:39","date_gmt":"2018-09-26T10:50:39","guid":{"rendered":"http:\/\/blogg.regionkronoberg.se\/trakutbildning\/?page_id=1106"},"modified":"2022-06-08T09:42:57","modified_gmt":"2022-06-08T07:42:57","slug":"andningsballong","status":"publish","type":"page","link":"https:\/\/blogg.regionkronoberg.se\/trakutbildning\/andningsballong\/","title":{"rendered":"Andningsballong"},"content":{"rendered":"<div id=\"pl-1106\"  class=\"panel-layout\" ><div id=\"pg-1106-0\"  class=\"panel-grid panel-no-style\" ><div id=\"pgc-1106-0-0\"  class=\"panel-grid-cell\" ><div id=\"panel-1106-0-0-0\" class=\"so-panel widget widget_sow-image panel-first-child\" data-index=\"0\" ><div\n\t\t\t\n\t\t\tclass=\"so-widget-sow-image so-widget-sow-image-default-8b5b6f678277-1106\"\n\t\t\t\n\t\t>\n<div class=\"sow-image-container\">\n\t\t<img \n\tsrc=\"https:\/\/blogg.regionkronoberg.se\/trakutbildning\/wp-content\/uploads\/sites\/13\/2018\/03\/DSC_2711.jpg\" width=\"850\" height=\"567\" srcset=\"https:\/\/blogg.regionkronoberg.se\/trakutbildning\/wp-content\/uploads\/sites\/13\/2018\/03\/DSC_2711.jpg 850w, https:\/\/blogg.regionkronoberg.se\/trakutbildning\/wp-content\/uploads\/sites\/13\/2018\/03\/DSC_2711-300x200.jpg 300w, https:\/\/blogg.regionkronoberg.se\/trakutbildning\/wp-content\/uploads\/sites\/13\/2018\/03\/DSC_2711-768x512.jpg 768w, https:\/\/blogg.regionkronoberg.se\/trakutbildning\/wp-content\/uploads\/sites\/13\/2018\/03\/DSC_2711-150x100.jpg 150w, https:\/\/blogg.regionkronoberg.se\/trakutbildning\/wp-content\/uploads\/sites\/13\/2018\/03\/DSC_2711-272x182.jpg 272w\" sizes=\"(max-width: 850px) 100vw, 850px\" alt=\"\" \t\tclass=\"so-widget-image\"\/>\n\t<\/div>\n\n<\/div><\/div><div id=\"panel-1106-0-0-1\" class=\"so-panel widget widget_sow-image panel-last-child\" data-index=\"1\" ><div\n\t\t\t\n\t\t\tclass=\"so-widget-sow-image so-widget-sow-image-default-8b5b6f678277-1106\"\n\t\t\t\n\t\t>\n<div class=\"sow-image-container\">\n\t\t<img \n\tsrc=\"https:\/\/blogg.regionkronoberg.se\/trakutbildning\/wp-content\/uploads\/sites\/13\/2019\/02\/1060242L.jpg\" width=\"787\" height=\"443\" srcset=\"https:\/\/blogg.regionkronoberg.se\/trakutbildning\/wp-content\/uploads\/sites\/13\/2019\/02\/1060242L.jpg 787w, https:\/\/blogg.regionkronoberg.se\/trakutbildning\/wp-content\/uploads\/sites\/13\/2019\/02\/1060242L-300x169.jpg 300w, https:\/\/blogg.regionkronoberg.se\/trakutbildning\/wp-content\/uploads\/sites\/13\/2019\/02\/1060242L-768x432.jpg 768w, https:\/\/blogg.regionkronoberg.se\/trakutbildning\/wp-content\/uploads\/sites\/13\/2019\/02\/1060242L-150x84.jpg 150w\" sizes=\"(max-width: 787px) 100vw, 787px\" title=\"_1060242L\" alt=\"\" \t\tclass=\"so-widget-image\"\/>\n\t<\/div>\n\n<\/div><\/div><\/div><div id=\"pgc-1106-0-1\"  class=\"panel-grid-cell\" ><div id=\"panel-1106-0-1-0\" class=\"so-panel widget widget_sow-editor panel-first-child panel-last-child\" data-index=\"2\" ><div\n\t\t\t\n\t\t\tclass=\"so-widget-sow-editor so-widget-sow-editor-base\"\n\t\t\t\n\t\t><h3 class=\"widget-title\">Andningsballong<\/h3>\n<div class=\"siteorigin-widget-tinymce textwidget\">\n\t<p>Andningsballong kan anv\u00e4ndas f\u00f6r att ge en kraftig inbl\u00e5sning vid en sekretpropp. Vanligtvis anv\u00e4nds den f\u00f6r att ge luft till en patient som inte andas sj\u00e4lv t.ex. vid ett hj\u00e4rtstopp eller till en patient som annars \u00e4r beroende av en hemrespirator.<\/p>\n<p>F\u00f6r att kunna \u00e5teranv\u00e4nda andningsballongen s\u00e4tts ofta filter och flexslang p\u00e5 ballongen men den passar \u00e4ven direkt p\u00e5 kanylen.<\/p>\n<ul>\n<li>Koppla p\u00e5 anslutningen mot kanylen.<\/li>\n<li>H\u00e5ll ena handen som st\u00f6d mot kanylen.<\/li>\n<li>Ge lugna andetag via andingsballongen. Anv\u00e4nd alltid enhandsgrepp. Ge patienten 15 andetag per minut. Titta p\u00e5 patienten f\u00f6r att se s\u00e5 att takten p\u00e5 inbl\u00e5sningarna \u00e4r lagom.<\/li>\n<\/ul>\n<p>&nbsp;<\/p>\n<\/div>\n<\/div><\/div><\/div><\/div><div id=\"pg-1106-1\"  class=\"panel-grid panel-no-style\" ><div id=\"pgc-1106-1-0\"  class=\"panel-grid-cell\" ><div id=\"panel-1106-1-0-0\" class=\"so-panel widget widget_media_video panel-first-child panel-last-child\" data-index=\"3\" ><h3 class=\"widget-title\">Ventilera med andningsballong<\/h3><div style=\"width:100%;\" class=\"wp-video\"><video class=\"wp-video-shortcode\" id=\"video-1106-1\" preload=\"metadata\" controls=\"controls\"><source type=\"video\/mp4\" src=\"https:\/\/blogg.regionkronoberg.se\/trakutbildning\/wp-content\/uploads\/sites\/13\/2022\/06\/Ventilera-med-andningsballong-fix.mp4?_=1\" \/><source type=\"video\/mp4\" src=\"http:\/\/blogg.regionkronoberg.se\/trakutbildning\/wp-content\/uploads\/sites\/13\/2022\/06\/Ventilera-med-andningsballong-fix.mp4?_=1\" \/><a href=\"https:\/\/blogg.regionkronoberg.se\/trakutbildning\/wp-content\/uploads\/sites\/13\/2022\/06\/Ventilera-med-andningsballong-fix.mp4\">https:\/\/blogg.regionkronoberg.se\/trakutbildning\/wp-content\/uploads\/sites\/13\/2022\/06\/Ventilera-med-andningsballong-fix.mp4<\/a><\/video><\/div><\/div><\/div><\/div><\/div>","protected":false},"excerpt":{"rendered":"<p>Andningsballong kan anv\u00e4ndas f\u00f6r att ge en kraftig inbl\u00e5sning vid en sekretpropp. Vanligtvis anv\u00e4nds den f\u00f6r att ge luft till en patient som inte andas sj\u00e4lv t.ex. vid ett hj\u00e4rtstopp eller till en patient som annars \u00e4r beroende av en hemrespirator. F\u00f6r att kunna \u00e5teranv\u00e4nda andningsballongen s\u00e4tts ofta filter och\u2026<\/p>\n<p> <a class=\"continue-reading-link\" href=\"https:\/\/blogg.regionkronoberg.se\/trakutbildning\/andningsballong\/\"><span>Continue reading<\/span><i class=\"crycon-right-dir\"><\/i><\/a> <\/p>\n","protected":false},"author":45,"featured_media":0,"parent":0,"menu_order":0,"comment_status":"closed","ping_status":"closed","template":"","meta":{"footnotes":""},"class_list":["post-1106","page","type-page","status-publish","hentry"],"_links":{"self":[{"href":"https:\/\/blogg.regionkronoberg.se\/trakutbildning\/wp-json\/wp\/v2\/pages\/1106","targetHints":{"allow":["GET"]}}],"collection":[{"href":"https:\/\/blogg.regionkronoberg.se\/trakutbildning\/wp-json\/wp\/v2\/pages"}],"about":[{"href":"https:\/\/blogg.regionkronoberg.se\/trakutbildning\/wp-json\/wp\/v2\/types\/page"}],"author":[{"embeddable":true,"href":"https:\/\/blogg.regionkronoberg.se\/trakutbildning\/wp-json\/wp\/v2\/users\/45"}],"replies":[{"embeddable":true,"href":"https:\/\/blogg.regionkronoberg.se\/trakutbildning\/wp-json\/wp\/v2\/comments?post=1106"}],"version-history":[{"count":3,"href":"https:\/\/blogg.regionkronoberg.se\/trakutbildning\/wp-json\/wp\/v2\/pages\/1106\/revisions"}],"predecessor-version":[{"id":1455,"href":"https:\/\/blogg.regionkronoberg.se\/trakutbildning\/wp-json\/wp\/v2\/pages\/1106\/revisions\/1455"}],"wp:attachment":[{"href":"https:\/\/blogg.regionkronoberg.se\/trakutbildning\/wp-json\/wp\/v2\/media?parent=1106"}],"curies":[{"name":"wp","href":"https:\/\/api.w.org\/{rel}","templated":true}]}}